tors of 996?
2, 3, 83
List the prime factors of 727.
727
List the prime factors of 2827.
11, 257
List the prime factors of 19247.
19, 1013
List the prime factors of 28195.
5, 5639
What are the prime factors of 1331?
11
What are the prime factors of 4812?
2, 3, 401
What are the prime factors of 1381?
1381
What are the prime factors of 48150?
2, 3, 5, 107
What are the prime factors of 4423?
4423
What are the prime factors of 6854?
2, 23, 149
What are the prime factors of 2842?
2, 7, 29
List the prime factors of 79721.
29, 2749
List the prime factors of 739.
739
List the prime factors of 3173.
19, 167
What are the prime factors of 18007?
11, 1637
What are the prime factors of 2062?
2, 1031
What are the prime factors of 4609?
11, 419
What are the prime factors of 1073?
29, 37
List the prime factors of 5397.
3, 7, 257
List the prime factors of 3878.
2, 7, 277
List the prime factors of 42617.
19, 2243
List the prime factors of 4691.
4691
List the prime factors of 3418.
2, 1709
List the prime factors of 93164.
2, 23291
What are the prime factors of 10888?
2, 1361
List the prime factors of 12103.
7, 13, 19
What are the prime factors of 128568?
2, 3, 11, 487
What are the prime factors of 10572?
2, 3, 881
What are the prime factors of 33404?
2, 7, 1193
List the prime factors of 593.
593
List the prime factors of 2693.
2693
List the prime factors of 7459.
7459
List the prime factors of 23700.
2, 3, 5, 79
List the prime factors of 6137.
17, 19
List the prime factors of 4056.
2, 3, 13
What are the prime factors of 4690?
2, 5, 7, 67
List the prime factors of 6070.
2, 5, 607
What are the prime factors of 2134?
2, 11, 97
What are the prime factors of 35793?
3, 41, 97
What are the prime factors of 22244?
2, 67, 83
List the prime factors of 12620.
2, 5, 631
List the prime factors of 1516.
2, 379
List the prime factors of 2124.
2, 3, 59
What are the prime factors of 56886?
2, 3, 19, 499
What are the prime factors of 112514?
2, 101, 557
List the prime factors of 398.
2, 199
What are the prime factors of 666?
2, 3, 37
What are the prime factors of 2150?
2, 5, 43
List the prime factors of 484.
2, 11
List the prime factors of 21262.
2, 10631
List the prime factors of 26037.
3, 11, 263
List the prime factors of 100.
2, 5
What are the prime factors of 32856?
2, 3, 37
List the prime factors of 87.
3, 29
What are the prime factors of 10517?
13, 809
What are the prime factors of 17339?
7, 2477
What are the prime factors of 26538?
2, 3, 4423
What are the prime factors of 563?
563
List the prime factors of 949.
13, 73
List the prime factors of 869.
11, 79
What are the prime factors of 4068?
2, 3, 113
What are the prime factors of 801?
3, 89
List the prime factors of 26930.
2, 5, 2693
List the prime factors of 27191.
27191
List the prime factors of 10170.
2, 3, 5, 113
What are the prime factors of 270?
2, 3, 5
List the prime factors of 46175.
5, 1847
List the prime factors of 11564.
2, 7, 59
List the prime factors of 3360.
2, 3, 5, 7
List the prime factors of 651.
3, 7, 31
List the prime factors of 15930.
2, 3, 5, 59
List the prime factors of 14980.
2, 5, 7, 107
List the prime factors of 103461.
3, 34487
What are the prime factors of 597?
3, 199
What are the prime factors of 15723?
3, 1747
What are the prime factors of 1675?
5, 67
What are the prime factors of 1295?
5, 7, 37
What are the prime factors of 41312?
2, 1291
What are the prime factors of 40199?
61, 659
List the prime factors of 1780.
2, 5, 89
List the prime factors of 454.
2, 227
List the prime factors of 1662.
2, 3, 277
List the prime factors of 46323.
3, 5147
What are the prime factors of 46274?
2, 17, 1361
List the prime factors of 12617.
11, 31, 37
What are the prime factors of 34230?
2, 3, 5, 7, 163
What are the prime factors of 8094?
2, 3, 19, 71
What are the prime factors of 5131?
7, 733
List the prime factors of 2703.
3, 17, 53
What are the prime factors of 21696?
2, 3, 113
List the prime factors of 7376.
2, 461
List the prime factors of 28675.
5, 31, 37
What are the prime factors of 2094?
2, 3, 349
What are the prime factors of 2603?
19, 137
What are the prime factors of 641?
641
What are the prime factors of 3779?
3779
List the prime factors of 218.
2, 109
List the prime factors of 3519.
3, 17, 23
List the prime factors of 12233.
13, 941
List the prime factors of 106341.
3, 35447
List the prime factors of 76764.
2, 3, 6397
List the prime factors of 3715.
5, 743
What are the prime factors of 152?
2, 19
List the prime factors of 21469.
7, 3067
List the prime factors of 4631.
11, 421
What are the prime factors of 25811?
53, 487
List the prime factors of 6347.
11, 577
List the prime factors of 10959.
3, 13, 281
What are the prime factors of 5153?
5153
List the prime factors of 13097.
7, 1871
List the prime factors of 63927.
3, 7103
What are the prime factors of 5998?
2, 2999
List the prime factors of 863.
863
What are the prime factors of 35164?
2, 59, 149
What are the prime factors of 19364?
2, 47, 103
What are the prime factors of 501?
3, 167
What are the prime factors of 4915?
5, 983
What are the prime factors of 4023?
3, 149
List the prime factors of 4749.
3, 1583
What are the prime factors of 1738?
2, 11, 79
List the prime factors of 562.
2, 281
List the prime factors of 114.
2, 3, 19
List the prime factors of 302.
2, 151
What are the prime factors of 127016?
2, 15877
List the prime factors of 981.
3, 109
What are the prime factors of 1326?
2, 3, 13, 17
What are the prime factors of 10335?
3, 5, 13, 53
What are the prime factors of 7032?
2, 3, 293
List the prime factors of 18788.
2, 7, 11, 61
What are the prime factors of 33413?
33413
List the prime factors of 10789.
10789
List the prime factors of 141497.
141497
What are the prime factors of 13752?
2, 3, 191
List the prime factors of 9143.
41, 223
What are the prime factors of 13385?
5, 2677
What are the prime factors of 872?
2, 109
What are the prime factors of 838?
2, 419
What are the prime factors of 1117?
1117
What are the prime factors of 1117?
1117
List the prime factors of 14886.
2, 3, 827
What are the prime factors of 7676?
2, 19, 101
What are the prime factors of 204?
2, 3, 17
What are the prime factors of 2555?
5, 7, 73
List the prime factors of 5650.
2, 5, 113
List the prime factors of 535.
5, 107
List the prime factors of 1344.
2, 3, 7
What are the prime factors of 1585?
5, 317
What are the prime factors of 3856?
2, 241
List the prime factors of 756.
2, 3, 7
List the prime factors of 15234.
2, 3, 2539
List the prime factors of 26871.
3, 13, 53
List the prime factors of 1121.
19, 59
List the prime factors of 4839.
3, 1613
List the prime factors of 13928.
2, 1741
List the prime factors of 28902.
2, 3, 4817
List the prime factors of 147.
3, 7
What are the prime factors of 2115?
3, 5, 47
What are the prime factors of 182291?
17, 10723
What are the prime factors of 104565?
3, 5, 6971
List the prime factors of 915.
3, 5, 61
List the prime factors of 17632.
2, 19, 29
What are the prime factors of 2723?
7, 389
List the prime factors of 3078.
2, 3, 19
List the prime factors of 15926.
2, 7963
What are the prime factors of 4059?
3, 11, 41
What are the prime factors of 20299?
53, 383
What are the prime factors of 42051?
3, 107, 131
List the prime factors of 3743.
19, 197
What are the prime factors of 19707?
3, 6569
List the prime factors of 877.
877
List the prime factors of 3282.
2, 3, 547
List the prime factors of 57346.
2, 53, 541
List the prime factors of 31619.
7, 4517
What are the prime factors of 2608?
2, 163
What are the prime factors of 57750?
2, 3, 5, 7, 11
List the prime factors of 6199.
6199
What are the prime factors of 700?
2, 5, 7
What are the prime factors of 17847?
3, 661
List the prime factors of 72360.
2, 3, 5, 67
List the prime factors of 90867.
3, 7, 4327
What are the prime factors of 4972?
2, 11, 113
What are the prime factors of 3409?
7, 487
What are the prime factors of 2233?
7, 11, 29
List the prime factors of 6967.
6967
List the prime factors of 2358.
2, 3, 131
What are the prime factors of 118968?
2, 3, 4957
What are the prime factors of 20480?
2, 5
List the prime factors of 37362.
2, 3, 13, 479
What are the prime factors of 58888?
2, 17, 433
What are the prime factors of 42493?
11, 3863
What are the prime factors of 37